**2 + y. What are the prime factors of n(r)?
2, 7
List the prime factors of (-42)/231 + (-12410)/(-11).
2, 3, 47
Let j(i) = -6*i - 10. Let p be j(-8). Suppose -9 = c - p. Let n = 71 - c. List the prime factors of n.
2, 3, 7
Let u(q) = 2*q - 2. Let h = 2 + 2. Let s be u(h). Let x = s - -1. List the prime factors of x.
7
Let y be 2/(-2) + 5/1. Let b be (y/4 - 0) + 14. Let n = 28 - b. What are the prime factors of n?
13
Suppose -23*w = -8294 - 6127. What are the prime factors of w?
3, 11, 19
Let d(v) = 7*v - 2. Let u(g) = 7*g + 1. Let c be u(1). Let n be ((-6)/c)/((-5)/20). List the prime factors of d(n).
19
Let z = 171 - -38. What are the prime factors of z?
11, 19
Let v(z) = z**2 - 3*z + 4. Let t(d) = d**3 - 11*d**2 + 3. Let g be t(11). What are the prime factors of v(g)?
2
List the prime factors of -1 + (-32 - -29)*1370/(-6).
2, 3, 19
Let h be 0 - (0 - (4 - -1)). Suppose -h*v = -36 - 19. What are the prime factors of v?
11
Let f be 85*(-3 + 2)/1. Let y = -116 + 56. Let b = y - f. What are the prime factors of b?
5
Let n = -416 - -866. List the prime factors of n.
2, 3, 5
Let f(l) = -73*l + 13. Let t(m) = -37*m + 6. Let g(a) = 4*f(a) - 9*t(a). List the prime factors of g(1).
3, 13
Let h = 10927 - 6888. What are the prime factors of h?
7, 577
Suppose 0 = 5*w - r - 2537, -w = 4*r - 2*r - 503. List the prime factors of w.
3, 13
Suppose -y + 4 - 2 = 0. Suppose -a + 12 = -y. Suppose 7 = s - a. What are the prime factors of s?
3, 7
Let v = -79 - -83. Suppose 0 = 2*l - v*q - 96, -3*l + 0*l - 3*q + 180 = 0. What are the prime factors of l?
2, 7
Let m(i) = -i**3 - i**2 - i. Let u(n) = 3*n**2 - 4*n**3 - 4 + 0 - 15*n**2. Let p(j) = 5*m(j) - u(j). List the prime factors of p(5).
29
Suppose -5*b = 6 + 34. Let m(j) = -j + 7. List the prime factors of m(b).
3, 5
Suppose -5*f + 44 = p, -3*p = 2*f - 4*f - 47. List the prime factors of (p/2)/(3/42) - -2.
3, 5
Let c(o) = 2*o**2 - 7*o - 8. Let v be c(6). Let m = v + -17. Suppose -54 = -m*p + 3*p. What are the prime factors of p?
3
Let i = -32 + 37. Suppose -2*m = 4*f - 48, -3*f = -m + i*m - 96. What are the prime factors of m?
2, 3
Let z = -1 - -3. Suppose -2*a + 140 = z*r, a = -a + 2*r + 148. What are the prime factors of a?
2, 3
Let g be 0*(35/(-10) + 3). Suppose -3*n + 3*r + 24 = n, g = -r. List the prime factors of n.
2, 3
Let r(y) = 19*y + 22. What are the prime factors of r(13)?
269
Suppose -3*i = -b + 5, 15 = 5*b - 5*i - 10. Suppose -29 = 8*p - 4*p + b*n, 5*n = -25. Let j(c) = -37*c**3 + 2*c**2 + c. List the prime factors of j(p).
2, 19
Let s = 0 - 15. Let d = 28 + s. What are the prime factors of d?
13
Let s(h) be the second derivative of h**2 - 1/2*h**3 - 9*h + 1/4*h**4 + 0. List the prime factors of s(2).
2
Suppose a = -q - 3*q - 25, -q = 4. Let g = a + 18. Suppose 0 = -o - z + 34 + g, 0 = -3*z + 12. List the prime factors of o.
3, 13
Let p(g) = 7*g**3 - 6*g**2 + 7*g + 19. Let q(x) = -4*x**3 + 3*x**2 - 4*x - 10. Let c(l) = 3*p(l) + 5*q(l). What are the prime factors of c(7)?
2, 3, 5, 7
Let o be (1 - 4)/((-13)/65). Let d = -13 - 0. Let x = d + o. What are the prime factors of x?
2
Let d(b) = -538*b**3 + 11*b + 4. List the prime factors of d(-2).
2, 2143
Let a(l) = 26*l**2 - 42*l + 214. What are the prime factors of a(9)?
2, 971
Let w = -388 - -502. List the prime factors of w.
2, 3, 19
Let x(y) = y**2 + 10*y + 160. What are the prime factors of x(15)?
5, 107
Let r(v) = v**3 + 6*v**2 - 8*v - 7. Let i be r(-7). Suppose i = 4*j - 3*j + 2, -j = 2*w - 434. List the prime factors of w.
2, 109
Let f be 100/(-30)*(-1 - -4). List the prime factors of ((-4)/f)/((-14)/(-1645)).
47
Let p(r) = -r**3 + r**2 + 4*r + 1. Let q be p(-2). Suppose -q*d = u - 11, -4*u + 0*u - 1 = 5*d. What are the prime factors of d?
3
Suppose -4*h = -41*h + 41329. List the prime factors of h.
1117
Suppose t - 12 = -t. Let j = -7 + t. What are the prime factors of (1 + -2)*15*j?
3, 5
Let j(b) be the third derivative of 0 - 5/3*b**3 + 5*b**2 + 5/24*b**4 + 0*b. List the prime factors of j(8).
2, 3, 5
Let c be -39 + 4/(8/6). Let d = 16 + c. List the prime factors of (-106)/(-22) + d/(-110).
5
Let q = -37 + 37. Suppose -2*g + 10 = q, -2*g - 110 = -3*a + 60. List the prime factors of a.
2, 3, 5
What are the prime factors of (-6)/(((-3)/9)/((-300)/(-27)))?
2, 5
Suppose -2*x + 12 - 4 = 0. What are the prime factors of 90 + -6*x/8?
3, 29
Let p be 5010/(-50) - 2/(-10). Let b = -71 - p. What are the prime factors of b?
29
Let f be -2*((-70)/(-4))/(-5). Let k be -1 + -2 - (13 + f). Let u = k - -26. List the prime factors of u.
3
Let o = -4251 + 6162. What are the prime factors of o?
3, 7, 13
Let m(k) = -k - 3. Let f be m(3). Let d(p) = -3*p + 28 - 54 + 36. List the prime factors of d(f).
2, 7
Let n(f) = -1. Let t(c) = -3*c**2 - c + 4. Let z(d) = -3*n(d) - t(d). List the prime factors of z(6).
113
Suppose -34 = 2*q + q + w, -5*q + 4*w = 68. Let c(h) = 2*h**2 + 6*h - 28. What are the prime factors of c(q)?
2, 47
Let v = -22 + 8. Let g be 4/7 + (-34)/v. Suppose -g*w + 32 = t, 6*t - 3*t = 3*w - 12. List the prime factors of w.
3
What are the prime factors of (-1 - 83)*(-407)/44?
3, 7, 37
What are the prime factors of (4 + 42237/(-45))/(5/(-25))?
4673
Let z be 4/20*(17 + -2). Suppose z*u = -u + 4*r + 72, -77 = -4*u - r. Let y = u + 26. What are the prime factors of y?
3, 5
Let t = 107 + -18. Let c = 281 - t. What are the prime factors of (-4)/(-22) - c/(-33)?
2, 3
Let h = 94 + -181. Let u = -62 - h. What are the prime factors of u?
5
Let l be (-1 + 3)*1 - -2. Let d(r) = 11*r - 2*r**2 + r**3 - 6*r - 5*r - 5 + r. What are the prime factors of d(l)?
31
Suppose -11*k = k - 10164. What are the prime factors of k?
7, 11
Let m be 666/126 + 2/(-7). Suppose -4*a + p - 3*p = -628, -m*a - p = -791. What are the prime factors of a?
3, 53
Let w be 4/16 + 147/(-12). Let k be (-6)/(-4)*8/w. Let x(r) = 36*r**2 - 2*r - 2. What are the prime factors of x(k)?
2, 3
Suppose 62 = -4*b - 26. Let y = -19 + 13. Let h = y - b. What are the prime factors of h?
2
Suppose 0 = 2*m - 20 - 22. List the prime factors of (-3 + -2)/((-3)/m).
5, 7
Let f be ((-2)/(-4) + 0)*0. Let d(k) = -k**3 + 8. Let x be d(f). Suppose x = y - 24. What are the prime factors of y?
2
Let u be 4 - (0 - (-3 + 3)). Suppose -u*j = -2*i + 22, i - 8 + 1 = j. Suppose -4*t + 87 = f, -i*f - 5*t + 2*t = -225. List the prime factors of f.
71
Let i = 793 + -122. List the prime factors of i.
11, 61
Let x(f) = -f**2 - f + 18. Let l be x(5). Let w(j) = j**2 + j - 27. What are the prime factors of w(l)?
3, 5, 7
Let y(w) = 18*w**2 - 4*w - 2. Let p be (-8)/(-22)*(-11)/(-2). List the prime factors of y(p).
2, 31
Let o = -389 + 1095. List the prime factors of o.
2, 353
Let p(x) be the second derivative of 4*x**5/5 + x**4/6 - x**2/2 + 16*x. What are the prime factors of p(1)?
17
Let j = 29 + -9. Suppose -7*h - 1313 = -j*h. List the prime factors of h.
101
Suppose 83*u - 91*u = -3440. What are the prime factors of u?
2, 5, 43
Suppose 79*f - 760 = -5*n + 84*f, 0 = 2*n - f - 299. What are the prime factors of n?
3, 7
Let x = -224 + 335. Let w = 219 - x. What are the prime factors of w?
2, 3
Let v(l) = 3*l**2 - 9*l - 1. Let c be v(8). Let b be c - 2 - (-1 - -4). Suppose -4*u + 3*y = -b, 3*u - 5*y - 45 - 46 = 0. What are the prime factors of u?
3
Suppose -2665 = -4*u + s, -22*s = -5*u - 18*s + 3334. What are the prime factors of u?
2, 3, 37
Let m be (2 - 8)/((-2)/3). Suppose 0 = m*g - 4*g - 1235. List the prime factors of g.
13, 19
Let l(r) = -r**3 + 24*r**2 - 30*r + 21. List the prime factors of l(20).
1021
Let m be ((-535)/(-20))/((-1)/(-4)). Suppose 3*l = -5*d + 305, 2*d - m - 15 = -5*l. Let t = 85 - d. What are the prime factors of t?
2, 3
Let a = -10 + 10. Suppose -7 = -z - 2*d + 14, a = 5*z - 4*d - 175. Suppose 7 - z = -4*c. List the prime factors of c.
2, 3
Let f = -50 + 35. Let q be (-2)/(6/f) - 3. Suppose 31 = q*m - m. What are the prime factors of m?
31
Suppose a = -5*u + 409, 169 = 2*u - 2*a - 3*a. List the prime factors of u.
2, 41
Let x(c) = 52*c**2 + 5*c - 26. List the prime factors of x(-6).
2, 227
Let g be (14/(-8))/(-1*3/3132). Suppose 0 = -7*i - 2*i + g. List the prime factors of i.
7, 29
List the prime factors of 960 - -1 - 1/(-2)*4.
3, 107
Let y = 28 - 19. Let l = -6 + 7. List the prime factors of 2 + l - y*-3.
2